ose 3*q = -5*y + 125, -5*y - q = -0*y - 115. Calculate the remainder when y is divided by i.
10
Suppose 3*c - 410 = -8*v + 4*v, -2*c - 5*v + 271 = 0. Let d = c - 128. Suppose w = 4*y - 3, -w + 4*w - 3*y = 36. Calculate the remainder when w is divided by d.
7
Let i = -11153 - -14097. What is the remainder when i is divided by 11?
7
Calculate the remainder when 2/(-12) - (-484)/24 is divided by (41 - 24 - 15)/((-1)/((-3)/6)).
0
Let z = 1145 + -781. Let d = 401 - z. Calculate the remainder when 626 is divided by d.
34
Suppose 14*o - 3272 = -1858. What is the remainder when o is divided by 57?
44
Suppose -2*h + 39 = -27. Suppose -58 = -4*n - 2*r, 3*r = -0*n + 5*n - 100. What is the remainder when h is divided by n?
16
Let w(b) = 2*b**2 - 3*b + 1. Let l be w(2). What is the remainder when 223 is divided by (14/l)/((-22)/(-132))?
27
Suppose -1312*z = -1313*z. Suppose -47*f + 14*f + 528 = z. Calculate the remainder when 110 is divided by f.
14
Suppose 4*v = 2*b + 40932, -5*b = 25*v - 22*v - 30699. Suppose -15*i = -1122 - v. Calculate the remainder when i is divided by 23.
21
Let x(g) = -g**2 + 24*g + 444. What is the remainder when x(35) is divided by 4/(-14) + 153/21?
3
Let o be (2 - (-5)/(-5)) + 19. Let y(q) = q**2 - o*q - q**2 - q**2 + q + 20. Calculate the remainder when 78 is divided by y(-19).
18
What is the remainder when 705 is divided by ((-14 + -26)/(-5) - 2) + (-2 - 1)?
0
Let r = -10620 + 10726. Let h = -10 + 20. What is the remainder when r is divided by h?
6
Let m(y) = 12*y**2 + 2654. What is the remainder when m(0) is divided by 36?
26
Let v(q) = -21*q**2 + 2297*q - 51. What is the remainder when v(103) is divided by 17?
15
Suppose 27 - 121 = -2*f. Let h(j) = 7*j + 1. Let d(t) = 14*t + 2. Let c(a) = 3*d(a) - 5*h(a). What is the remainder when f is divided by c(1)?
7
Let m be (86/28*8)/((-78)/(-273)). Let w = 0 + m. What is the remainder when w is divided by 45?
41
Let f(o) = 3*o + 0*o + 2*o - 10*o + 7 + o**2. Let d be f(6). What is the remainder when 5 is divided by (-6)/39 + 28/d?
1
Let h(a) = 7*a + 1351. What is the remainder when h(-11) is divided by 29?
27
Let k = 1668 - 1643. What is the remainder when 336 is divided by k?
11
Suppose -6*k - 30 = -10*k + x, 2*k + 3*x - 8 = 0. Suppose 0 = 2*p - c - 22 - 19, -p = 5*c + k. Calculate the remainder when 51 is divided by p.
15
Let v = -13 - -32. Suppose v - 3 = 2*a. Suppose -4*j = -m + a, -m = -4*j - j - 9. Calculate the remainder when 11 is divided by m.
3
Suppose -792*z + 534 = -786*z. Let g(b) = -b**2 + 7*b - 2. Calculate the remainder when z is divided by g(3).
9
Suppose 0 = 3*t + m - 458, -23*t + 22*t + 3*m = -156. What is the remainder when t is divided by 67?
19
Let g = 316 + 34. Let q = -187 + g. Calculate the remainder when q is divided by 41.
40
Let c = 115 + -94. Let j = 31 - c. Suppose 80 = -j*y + 12*y. Calculate the remainder when y is divided by 14.
12
What is the remainder when 1342 is divided by (1 - 2)*(-2 + -40)?
40
Suppose -28*d - 4*x - 344 = -32*d, -5*d + 3*x + 440 = 0. Let v = -37 - -398. What is the remainder when v is divided by d?
88
Suppose 3*b + 2*d + 115 = 285, 0 = 4*d - 16. Suppose 4*w + 7*f - 70 = 2*f, 4*f + 68 = 3*w. Calculate the remainder when b is divided by w.
14
Suppose -126 = -5*w + w + 2*u, 30 = w - u. Let z = -25 + w. Suppose b - 5*d + 17 = 0, -5*b + 4*d + z + 12 = 0. What is the remainder when 23 is divided by b?
7
Suppose 0 = 2*u - a - 79, u - 2*a - 16 - 19 = 0. What is the remainder when 145 is divided by u?
22
Suppose -19*t = -22*t - 3*f + 228, 0 = 4*t + f - 292. What is the remainder when 73 is divided by t?
1
Suppose o - 6*o = -5*y, 0 = -4*y - 3*o + 35. Suppose 11 = 2*w + 1, 5*v - y*w = -5. Calculate the remainder when (8/6)/((-1784)/(-49506)) is divided by v.
1
Let n(r) = 6*r**2 - 883*r + 13564. What is the remainder when n(15) is divided by 1639?
30
Let l(i) = -2*i + 2. Let f = 208 - 21. Let q = 213 - f. What is the remainder when q is divided by l(-4)?
6
Suppose 0 = 5*s - t - t + 82, -49 = 3*s - t. Let x = s - -26. Suppose 288 = -7*i + x*i. Calculate the remainder when i is divided by 25.
21
Let z = -53 + 101. Suppose -7*a - 1581 = -2582. Calculate the remainder when a is divided by z.
47
Suppose 237*y = 233*y + 1544. What is the remainder when 1164 is divided by y?
6
Let g = -619 + 483. What is the remainder when 131 is divided by g/(-4)*((-4)/8 + 1)?
12
Let w(z) = 7*z + 94. Let i be w(27). Suppose i = 4*m + 239. What is the remainder when 98 is divided by m?
10
Suppose 3*o - 266 = -4*o. Calculate the remainder when o is divided by ((-46)/7)/((-368)/1288).
15
Let x = 2672 - 1841. Suppose -x = -26*z - 233. What is the remainder when 114 is divided by z?
22
Suppose i - 6*c - 339 = -7*c, 1372 = 4*i + 2*c. What is the remainder when i is divided by 101?
44
Suppose -2*v + 3 - 5 = 5*g, 3*g + v + 1 = 0. Suppose g = -3*c + 64 + 38. Calculate the remainder when c is divided by 9.
7
Suppose 4*n = 5*b + 259, 2*n + 4*b = -0*n + 110. Let j(x) = 2*x**3 + 184*x**2 + 347*x - 744. What is the remainder when j(-90) is divided by n?
60
Suppose -p - 2*k + 219 = -53, -5*p + 1374 = -4*k. Calculate the remainder when p is divided by 147.
127
Calculate the remainder when 372 is divided by 0 + 2 - (19125/17)/(-15).
64
Suppose y - 14*k = -17*k + 797, -5*k = -9*y + 7109. What is the remainder when y is divided by 52?
11
What is the remainder when 5622 is divided by 9 - 49/((-735)/(-270)) - (-56)/2?
17
What is the remainder when 286 is divided by 4/(-10) - ((-7644)/60)/1?
32
Suppose 7968 = 89*h - 78540. Calculate the remainder when h is divided by 480.
12
Suppose -2*f - 1 = -3*t - 4, -14 = -3*f - 5*t. Suppose -4*x = f*s - 148, -x + 54 = 4*s + s. What is the remainder when x is divided by 18?
16
Let x(q) = q**3 + 6*q**2 + 5*q + 4. Let f be x(-2). Suppose -6*i + f*i = -936. What is the remainder when 43 is divided by (-2)/5 - i/10?
20
Let o(m) = -31*m + 3223. Calculate the remainder when o(39) is divided by 28.
26
Let r be ((-17)/(-4))/(3/(-12)). Let b(t) = -7 - 5 + 36*t + 2*t**2 - 61*t + 51*t + 4. What is the remainder when b(r) is divided by 22?
18
Suppose -17*g + 34*g + 9350 = 0. Let j = 585 + g. Calculate the remainder when 59 is divided by j.
24
Let z(t) = 5*t + 4. Let a be z(2). Let g be (-830)/a + 46/161. Let d = g - -87. What is the remainder when d is divided by 8?
4
Suppose 0 = -23*q + 3191 - 638. Calculate the remainder when 440 is divided by q.
107
Let v = 15469 + -15312. What is the remainder when 1718 is divided by v?
148
Suppose 0*z + 20 = 5*z. Suppose -2*l = 2*k - 16, 4*l - 2*l + 8 = z*k. Suppose 2*t + 2*t = q - l, 4*q - t = 91. Calculate the remainder when 47 is divided by q.
23
Calculate the remainder when (-22794)/(-15)*1 + 3/(-5) is divided by 8.
7
Suppose -4*x - 612 = -5*b, 4*x + 278 = 3*b - 94. Calculate the remainder when 306 is divided by b.
66
Let d = 397 + -397. Let c(t) = -t**3 - t**2 - 6*t + 21. What is the remainder when 133 is divided by c(d)?
7
Let m = 0 - 0. Suppose 0 = 18*r - 13*r + 5*w - 110, -5*r = -5*w - 270. What is the remainder when r is divided by 0 - -19 - (-2 - m)?
17
Let w(u) = -u**2 - 25*u - 21. Let h(k) = -6*k + 16. Let t be h(-5). Let o = t + -33. What is the remainder when w(-17) is divided by o?
11
Let y be (-8 - -10)/(2/29). Let t(g) = g**2 - 28*g + 40. Calculate the remainder when t(y) is divided by 24.
21
Suppose -5*b + 40 = 5*l, -2*b + 4 = 2. Let m be (l/(14/20))/2. Suppose -m*s + 140 = -85. Calculate the remainder when 177 is divided by s.
42
Let k be 5 - (-4)/3*54/12. Let j(v) = 11*v - 82. Calculate the remainder when 57 is divided by j(k).
18
Suppose -3*w = -17202 + 14283. Calculate the remainder when w is divided by 322.
7
Let y be (2 + (-6)/(-15))*5. Suppose y = 3*z, 5*z - 9 = s - 4. Calculate the remainder when s is divided by 2.
1
Let n(l) = 4*l**2 - 5. Let z be n(-2). Suppose z*s - 15*s = -20. What is the remainder when 10 is divided by (-210)/(-25) + (-2)/s?
2
Let k = 34 + -17. Let t(d) = -14*d + 2*d**2 + 6 + k*d - 25. What is the remainder when t(-6) is divided by 15?
5
Calculate the remainder when (30*8)/(640/6720) is divided by 80.
40
Let s(t) = 66*t**2 + 3*t. Let r = 476 + -477. Calculate the remainder when s(r) is divided by 22.
19
Suppose p - 455 = -5*q, 32*q = -9*p + 27*q + 4015. Calculate the remai